or of 824980?
True
Does 28 divide 138674?
False
Does 18 divide 14210861?
False
Is 1675 a factor of 4492350?
True
Is 104 a factor of 462224?
False
Is 219616 a multiple of 510?
False
Does 74 divide 40644?
False
Is 2840957 a multiple of 612?
False
Is 28 a factor of 4676159?
False
Is 11 a factor of 2810570?
False
Is 372900 a multiple of 550?
True
Does 67 divide 430810?
True
Is 94 a factor of 802102?
True
Is 4 a factor of 12520?
True
Is 12 a factor of 176002?
False
Does 6 divide 569256?
True
Does 37 divide 1916452?
True
Is 28616 a multiple of 14?
True
Does 193 divide 1919771?
True
Is 36603 a multiple of 49?
True
Is 10 a factor of 2477663?
False
Is 3365175 a multiple of 102?
False
Is 4815216 a multiple of 63?
True
Does 17 divide 29971?
True
Is 85 a factor of 352495?
True
Does 676 divide 1767914?
False
Is 66 a factor of 334692?
False
Does 568 divide 9656?
True
Is 25 a factor of 59818?
False
Is 588 a factor of 8654465?
False
Is 3642868 a multiple of 404?
True
Is 21784 a multiple of 14?
True
Is 3688704 a multiple of 768?
True
Is 35610 a multiple of 3?
True
Is 107778 a multiple of 6?
True
Does 33 divide 11547096?
True
Is 19238987 a multiple of 8?
False
Is 97146 a multiple of 90?
False
Is 40 a factor of 1408200?
True
Is 205 a factor of 166982?
False
Is 3174087 a multiple of 31?
False
Is 15 a factor of 2214840?
True
Does 76 divide 28500?
True
Is 171071 a multiple of 347?
True
Does 75 divide 20185636?
False
Is 111471 a multiple of 19?
False
Is 174 a factor of 381853?
False
Is 2532077 a multiple of 322?
False
Does 3 divide 278949?
True
Is 126114 a multiple of 4?
False
Is 46 a factor of 1044181?
False
Is 8230635 a multiple of 21?
True
Does 58 divide 2238230?
False
Does 10 divide 2108574?
False
Is 348036 a multiple of 388?
True
Does 297 divide 99792?
True
Is 45 a factor of 31005?
True
Is 122 a factor of 10445640?
True
Is 358719 a multiple of 4?
False
Is 970278 a multiple of 46?
True
Is 959250 a multiple of 375?
True
Does 127 divide 46294?
False
Does 10 divide 211205?
False
Is 186476 a multiple of 17?
False
Is 8 a factor of 325841?
False
Is 1189188 a multiple of 182?
True
Is 197 a factor of 380044?
False
Is 32254 even?
True
Does 18 divide 1277327?
False
Is 12 a factor of 240996?
True
Is 133 a factor of 4224092?
False
Is 4 a factor of 126969?
False
Does 18 divide 270016?
False
Is 49327 a multiple of 7?
False
Is 62 a factor of 5393876?
True
Is 43823 even?
False
Is 12739584 a multiple of 1408?
True
Does 119 divide 99365?
True
Does 3 divide 3058347?
True
Is 488957 a multiple of 73?
False
Is 141311 a multiple of 365?
False
Is 74 a factor of 2033844?
False
Is 38 a factor of 395503?
False
Is 6367 a multiple of 37?
False
Is 213672 a multiple of 24?
True
Does 88 divide 328152?
True
Does 2 divide 3526?
True
Does 549 divide 355913?
False
Is 10358760 a multiple of 120?
True
Is 2443893 a multiple of 10?
False
Does 274 divide 73706?
True
Is 21 a factor of 1544748?
False
Is 199 a factor of 14378?
False
Is 26 a factor of 637624?
True
Is 17274592 a multiple of 2342?
True
Is 326886 a multiple of 181?
True
Is 178 a factor of 672970?
False
Is 11 a factor of 4928442?
False
Is 23982 a multiple of 3?
True
Is 6 a factor of 2812205?
False
Is 26 a factor of 2211898?
True
Is 22 a factor of 3222670?
True
Is 256 a factor of 26368?
True
Is 187 a factor of 120562?
False
Is 76 a factor of 33828?
False
Is 30 a factor of 39840?
True
Does 2 divide 4261459?
False
Is 18 a factor of 99905?
False
Is 54621 a multiple of 51?
True
Is 43 a factor of 6457294?
False
Is 810633 a multiple of 43?
False
Is 101772 a multiple of 257?
True
Is 42 a factor of 68184?
False
Is 136 a factor of 250784?
True
Is 9 a factor of 237578?
False
Is 30 a factor of 6457860?
True
Is 5 a factor of 103710?
True
Is 256 a factor of 254965?
False
Is 12942647 a multiple of 11?
False
Does 37 divide 1887481?
True
Is 11890068 a multiple of 1322?
True
Is 146 a factor of 188388?
False
Does 29 divide 11629?
True
Is 10 a factor of 750470?
True
Is 14086 a multiple of 2?
True
Does 49 divide 45241?
False
Is 135 a factor of 771486?
False
Does 20 divide 30040?
True
Is 93 a factor of 4193993?
False
Is 24 a factor of 139344?
True
Is 59 a factor of 938206?
False
Is 25 a factor of 43200?
True
Is 8 a factor of 104880?
True
Is 54599 a multiple of 64?
False
Does 26 divide 2885792?
True
Is 586988 a multiple of 26?
False
Is 33820 a multiple of 20?
True
Does 433 divide 5011975?
True
Is 294710 a multiple of 26?
True
Is 1969 a multiple of 28?
False
Is 24 a factor of 9240?
True
Is 499636 a multiple of 37?
False
Does 12 divide 279408?
True
Does 279 divide 116343?
True
Does 14 divide 333312?
True
Does 24 divide 21758?
False
Does 105 divide 445592?
False
Does 304 divide 152608?
True
Is 153816 a multiple of 104?
True
Does 496 divide 1735504?
True
Is 30 a factor of 1170240?
True
Is 3864396 a multiple of 12?
True
Is 11128872 a multiple of 552?
True
Is 15022 a multiple of 10?
False
Is 70428 a multiple of 16?
False
Does 53 divide 47716?
False
Does 239 divide 619814?
False
Does 147 divide 785707?
False
Is 63 a factor of 324198?
True
Is 3212768 a multiple of 217?
False
Is 367287 a multiple of 23?
True
Does 193 divide 163324?
False
Is 133 a factor of 11082461?
False
Is 186 a factor of 103602?
True
Does 8 divide 1319656?
True
Does 19 divide 2456636?
False
Is 42 a factor of 375501?
False
Is 313734 a multiple of 488?
False
Does 383 divide 3733484?
True
Does 8 divide 3245586?
False
Does 93 divide 7279389?
True
Is 2573961 a multiple of 184?
False
Is 663 a factor of 318240?
True
Does 35 divide 581102?
False
Is 1250164 a multiple of 53?
True
Is 282 a factor of 302304?
True
Does 12 divide 12962796?
True
Is 1125 a factor of 4798125?
True
Is 530947 a multiple of 649?
False
Is 55868 a multiple of 11?
False
Is 37593 a multiple of 15?
False
Is 466 a factor of 51260?
True
Does 603 divide 2258838?
True
Is 108388 a multiple of 98?
True
Is 1202 a factor of 13194989?
False
Does 10 divide 666915?
False
Does 8 divide 284743?
False
Does 121 divide 73205?
True
Does 39 divide 537571?
False
Is 4863911 a multiple of 2506?
False
Is 2089080 a multiple of 28?
True
Is 9 a factor of 143130?
False
Does 30 divide 171866?
False
Is 125290 a multiple of 17?
True
Does 11 divide 21396738?
True
Does 4 divide 421236?
True
Is 16 a factor of 1101531?
False
Does 19 divide 43966?
True
Is 385082 a multiple of 62?
True
Is 71394 a multiple of 219?
True
Does 147 divide 1319031?
True
Is 202448 a multiple of 8?
True
Does 129 divide 9768009?
True
Does 417 divide 55754?
False
Does 10 divide 14100280?
True
Is 68 a factor of 423912?
True
Is 66 a factor of 8183142?
True
Is 1646216 a multiple of 44?
True
Is 304979 a multiple of 9?
False
Is 38 a factor of 2025655?
False
Does 61 divide 528948?
False
Does 143 divide 2615034?
False
Does 247 divide 896354?
False
Does 9 divide 30942?
True
Does 12 divide 10135073?
False
Is 208 a factor of 41600?
True
Does 5 divide 46761?
False
Does 609 divide 318356?
False
Does 105 divide 256510?
False
Is 118 a factor of 1570357?
False
Does 61 divide 38735?
True
Is 27210 a multiple of 32?
False
Does 32 divide 345728?
True
Does 30 divide 4046277?
False
Is 12 a factor of 1585400?
False
Is 116 a factor of 91083?
False
Is 163132 a multiple of 193?
False
Is 33 a factor of 29328?
False
Is 886932 a multiple of 426?
True
Does 33 divide 183744?
True
Is 396311 a multiple of 11?
False
Does 498 divide 2073657?
False
Does 181 divide 1070434?
True
Is 158193 a multiple of 81?
True
Does 3 divide 1348842?
True
Is 4 a factor of 491001?
False
Is 896709 a multiple of 3?
True
Is 357 a factor of 6634488?
True
Is 204 a factor of 687200?
False
Does 706 divide 3040235?
False
Does 9 divide 2134279?
False
Is 3004398 a multiple of 54?
True
Is 18 a factor of 4913516?
False
Is 4080158 a multiple of 14?
False
Does 11 divide 143383?
False
Is 16 a factor of 642624?
True
Is 6 a factor of 151326?
True
Is 32 a factor of 50459?
False
Is 37 a factor of 143301?
True
Is 26204 even?
True
Is 65904 a multiple of 18?
False
Is 578 a factor of 4775760?
False
Is 5081768 a multiple of 961?
True
Is 66 a factor of 5304090?
True
Is 384791 a multiple of 11?
True
Is 193529 a multiple of 91?
False
Is 383 a factor of 2476478?
True
Does 35 divide 217455?
True
Does 2 divide 285390?
True
Is 33 a factor of 182163?
False
Does 21 divide 88956?
True
Is